remainder when 1102 is divided by 12?
10
What is the remainder when 4836 is divided by 16?
4
What is the remainder when 389 is divided by 34?
15
What is the remainder when 462 is divided by 28?
14
What is the remainder when 68 is divided by 10?
8
What is the remainder when 347 is divided by 92?
71
Calculate the remainder when 952 is divided by 945.
7
What is the remainder when 218 is divided by 17?
14
Calculate the remainder when 865 is divided by 860.
5
What is the remainder when 514 is divided by 91?
59
Calculate the remainder when 1294 is divided by 18.
16
Calculate the remainder when 607 is divided by 156.
139
What is the remainder when 223 is divided by 57?
52
What is the remainder when 1462 is divided by 62?
36
Calculate the remainder when 672 is divided by 29.
5
Calculate the remainder when 39 is divided by 26.
13
What is the remainder when 838 is divided by 20?
18
Calculate the remainder when 1483 is divided by 14.
13
Calculate the remainder when 2278 is divided by 188.
22
Calculate the remainder when 136 is divided by 14.
10
Calculate the remainder when 432 is divided by 56.
40
What is the remainder when 178 is divided by 69?
40
What is the remainder when 218 is divided by 38?
28
Calculate the remainder when 470 is divided by 37.
26
What is the remainder when 207 is divided by 30?
27
Calculate the remainder when 188 is divided by 21.
20
Calculate the remainder when 274 is divided by 18.
4
What is the remainder when 106 is divided by 13?
2
What is the remainder when 5464 is divided by 32?
24
What is the remainder when 3516 is divided by 16?
12
What is the remainder when 13 is divided by 4?
1
What is the remainder when 146 is divided by 42?
20
Calculate the remainder when 322 is divided by 41.
35
What is the remainder when 2007 is divided by 67?
64
Calculate the remainder when 509 is divided by 85.
84
Calculate the remainder when 1286 is divided by 100.
86
What is the remainder when 15 is divided by 8?
7
What is the remainder when 1822 is divided by 227?
6
What is the remainder when 1966 is divided by 27?
22
What is the remainder when 730 is divided by 37?
27
What is the remainder when 1275 is divided by 9?
6
What is the remainder when 3774 is divided by 16?
14
Calculate the remainder when 1064 is divided by 119.
112
Calculate the remainder when 146 is divided by 22.
14
What is the remainder when 49215 is divided by 79?
77
What is the remainder when 244 is divided by 31?
27
Calculate the remainder when 1589 is divided by 43.
41
Calculate the remainder when 562 is divided by 168.
58
Calculate the remainder when 555 is divided by 50.
5
Calculate the remainder when 719 is divided by 9.
8
Calculate the remainder when 272 is divided by 145.
127
Calculate the remainder when 359 is divided by 20.
19
What is the remainder when 182 is divided by 49?
35
Calculate the remainder when 2275 is divided by 38.
33
What is the remainder when 2883 is divided by 263?
253
What is the remainder when 31 is divided by 26?
5
Calculate the remainder when 244 is divided by 14.
6
What is the remainder when 48 is divided by 23?
2
Calculate the remainder when 116 is divided by 9.
8
What is the remainder when 1458 is divided by 88?
50
Calculate the remainder when 52 is divided by 35.
17
Calculate the remainder when 2172 is divided by 121.
115
What is the remainder when 1880 is divided by 518?
326
Calculate the remainder when 218 is divided by 73.
72
Calculate the remainder when 1326 is divided by 216.
30
What is the remainder when 390 is divided by 134?
122
What is the remainder when 70 is divided by 20?
10
What is the remainder when 16573 is divided by 74?
71
What is the remainder when 127 is divided by 35?
22
Calculate the remainder when 6891 is divided by 47.
29
Calculate the remainder when 34 is divided by 16.
2
Calculate the remainder when 17637 is divided by 120.
117
Calculate the remainder when 914 is divided by 46.
40
What is the remainder when 586 is divided by 28?
26
Calculate the remainder when 137 is divided by 64.
9
What is the remainder when 53 is divided by 8?
5
What is the remainder when 193 is divided by 29?
19
Calculate the remainder when 3662 is divided by 8.
6
Calculate the remainder when 206 is divided by 140.
66
Calculate the remainder when 1648 is divided by 162.
28
Calculate the remainder when 136 is divided by 12.
4
Calculate the remainder when 126 is divided by 33.
27
What is the remainder when 7177 is divided by 43?
39
What is the remainder when 1487 is divided by 88?
79
Calculate the remainder when 44 is divided by 9.
8
Calculate the remainder when 471 is divided by 8.
7
Calculate the remainder when 345 is divided by 311.
34
What is the remainder when 2139 is divided by 14?
11
Calculate the remainder when 1753 is divided by 9.
7
What is the remainder when 161 is divided by 58?
45
Calculate the remainder when 468 is divided by 17.
9
What is the remainder when 7786 is divided by 354?
352
Calculate the remainder when 599 is divided by 8.
7
What is the remainder when 120 is divided by 14?
8
Calculate the remainder when 300 is divided by 63.
48
Calculate the remainder when 328 is divided by 52.
16
What is the remainder when 375 is divided by 42?
39
What is the remainder when 19 is divided by 10?
9
Calculate the remainder when 265 is divided by 45.
40
What is the remainder when 193 is divided by 127?
66
What is the remainder when 134 is divided by 37?
23
Calculate the remainder when 236 is divided by 81.
74
What is the remainder when 1828 is divided by 114?
4
Calculate the remainder when 1166 is divided by 390.
386
Calculate the remainder when 321 is divided by 9.
6
What is the remainder when 930 is divided by 78?
72
What is the remainder when 150 is divided by 49?
3
What is the remainder when 472 is divided by 19?
16
What is the remainder when 316 is divided by 74?
20
What is the remainder when 7741 is divided by 22?
19
Calculate the remainder when 228 is divided by 10.
8
What is the remainder when 224 is divided by 62?
38
What is the remainder when 4588 is divided by 287?
283
What is the remainder when 203 is divided by 40?
3
What is the remainder when 1598 is divided by 48?
14
Calculate the remainder when 199 is divided by 8.
7
Calculate the remainder when 622 is divided by 132.
94
Calculate the remainder when 178 is divided by 30.
28
What is the remainder when 25 is divided by 11?
3
What is the remainder when 115 is divided by 36?
7
What is the remainder when 1523 is divided by 25?
23
What is the remainder when 544 is divided by 68?
0
What is the remainder when 344 is divided by 6?
2
What is the remainder when 682 is divided by 98?
94
Calculate the remainder when 155 is divided by 54.
47
Calculate the remainder when 2245 is divided by 28.
5
What is the remainder when 1550 is divided by 42?
38
What is the remainder when 112 is divided by 88?
24
What is the remainder when 10967 is divided by 159?
155
What is the remainder when 29 is divided by 15?
14
What is the remainder when 120 is divided by 27?
12
What is the remainder when 8206 is divided by 152?
150
What is the remainder when 184 is divided by 101?
83
What is the remainder when 841 is divided by 56?
1
Calculate the remainder when 234 is divided by 221.
13
What is the remainder when 236 is divided by 52?
28
What is the remainder when 193 is divided by 68?
57
What is the remainder when 124 is divided by 52?
20
Calculate the remainder when 1271 is divided by 53.
52
Calculate the remainder when 1873 is divided by 144.
1
What is the remainder when 752 is divided by 28?
24
Calculate the remainder when 1665 is divided by 823.
19
What is the remainder when 605 is divided by 593?
12
Calculate the remainder when 382 is divided by 35.
32
What is the remainder when 278 is divided by 20?
18
What is the remainder when 443 is divided by 55?
3
What is the remainder when 151 is divided by 66?
19
What is the remainder when 457 is divided by 143?
28
Calculate the remainder when 604 is divided by 585.
19
What is the remainder when 485 is divided by 17?
9
Calculate the remainder when 57018 is divided by 83.
80
What is the remainder when 1595 is divided by 57?
56
Calculate the remainder when 128 is divided by 22.
18
What is the remainder when 1862 is divided by 3?
2
Calculate the remainder when 454 is di